ctor of 4483?
False
Does 13 divide 2354?
False
Is 14 a factor of 55?
False
Does 28 divide 4465?
False
Is 8 a factor of 8448?
True
Is 1344 a multiple of 32?
True
Is 31 a factor of 17298?
True
Does 166 divide 39108?
False
Does 27 divide 536?
False
Does 280 divide 66191?
False
Is 16842 a multiple of 83?
False
Is 40 a factor of 84190?
False
Does 3 divide 138?
True
Is 57356 a multiple of 82?
False
Is 9889 a multiple of 24?
False
Does 13 divide 39728?
True
Is 121 a factor of 2662?
True
Does 3 divide 3708?
True
Is 14 a factor of 1342?
False
Does 19 divide 19342?
True
Is 45156 a multiple of 213?
True
Does 46 divide 3243?
False
Is 15 a multiple of 2?
False
Is 892 a multiple of 10?
False
Is 181 a factor of 4344?
True
Does 47 divide 846?
True
Is 91826 a multiple of 248?
False
Is 39 a factor of 14430?
True
Is 9 a factor of 37548?
True
Is 21 a factor of 546?
True
Is 7 a factor of 245?
True
Does 32 divide 130?
False
Is 7 a factor of 84?
True
Is 8688 a multiple of 8?
True
Does 29 divide 17052?
True
Is 17357 a multiple of 60?
False
Is 21 a factor of 483?
True
Is 11055 a multiple of 55?
True
Is 453 a multiple of 3?
True
Does 21 divide 1417?
False
Is 25 a factor of 375?
True
Is 85 a multiple of 20?
False
Is 2698 a multiple of 8?
False
Does 15 divide 12470?
False
Is 944 a multiple of 30?
False
Is 34 a factor of 50082?
True
Is 23 a factor of 1855?
False
Is 18 a factor of 79987?
False
Is 176 a factor of 17952?
True
Is 13 a factor of 429?
True
Is 510 a multiple of 81?
False
Does 22 divide 5214?
True
Is 63 a factor of 630?
True
Is 80 a factor of 1360?
True
Is 40 a factor of 60227?
False
Does 8 divide 2902?
False
Is 320 a multiple of 40?
True
Does 91 divide 6519?
False
Does 51 divide 765?
True
Is 3175 a multiple of 110?
False
Is 19389 a multiple of 6?
False
Is 3432 a multiple of 19?
False
Does 38 divide 311?
False
Is 570 a multiple of 29?
False
Is 116 a factor of 8584?
True
Is 20 a multiple of 4?
True
Is 8 a factor of 224?
True
Is 186 a multiple of 19?
False
Is 40 a factor of 18560?
True
Is 51 a multiple of 17?
True
Does 14 divide 266?
True
Is 20 a factor of 1368?
False
Does 15 divide 117645?
True
Is 40 a factor of 3949?
False
Is 80 a factor of 640?
True
Does 13 divide 37167?
True
Is 1839 a multiple of 20?
False
Does 12 divide 2376?
True
Is 65968 a multiple of 76?
True
Is 97939 a multiple of 153?
False
Is 20092 a multiple of 52?
False
Is 320 a multiple of 16?
True
Is 1283 a multiple of 38?
False
Is 19 a factor of 855?
True
Does 106 divide 4028?
True
Is 46175 a multiple of 10?
False
Is 49883 a multiple of 211?
False
Is 10374 a multiple of 14?
True
Does 5 divide 284?
False
Is 6396 a multiple of 39?
True
Is 302 a factor of 23364?
False
Does 8 divide 2176?
True
Does 74 divide 222?
True
Does 5 divide 283?
False
Is 14 a factor of 8638?
True
Does 57 divide 64581?
True
Is 14 a factor of 9954?
True
Does 7 divide 4533?
False
Is 13 a factor of 1716?
True
Does 15 divide 120?
True
Does 15 divide 10921?
False
Is 1618 a multiple of 25?
False
Is 9 a factor of 20661?
False
Is 18 a factor of 16236?
True
Does 4 divide 2376?
True
Is 19 a factor of 3586?
False
Is 3060 a multiple of 36?
True
Is 24 a factor of 1488?
True
Does 4 divide 1471?
False
Is 68 a factor of 1207?
False
Does 18 divide 1983?
False
Is 27896 a multiple of 87?
False
Does 17 divide 850?
True
Is 25490 a multiple of 6?
False
Is 156 a multiple of 30?
False
Is 13 a factor of 1935?
False
Is 135 a factor of 30626?
False
Is 4453 a multiple of 29?
False
Is 175 a factor of 525?
True
Is 33 a factor of 28696?
False
Is 4666 a multiple of 12?
False
Does 35 divide 18044?
False
Is 68 even?
True
Is 510 a multiple of 51?
True
Is 683 a multiple of 34?
False
Does 7 divide 3445?
False
Is 404 a multiple of 4?
True
Is 1081 a multiple of 11?
False
Does 22 divide 4268?
True
Does 35 divide 14616?
False
Is 27 a factor of 60695?
False
Is 1541 a multiple of 67?
True
Is 496 a multiple of 30?
False
Is 444 a multiple of 2?
True
Is 49141 a multiple of 17?
False
Is 165 a multiple of 19?
False
Is 17 a factor of 28737?
False
Is 11 a factor of 3718?
True
Is 17 a factor of 7072?
True
Is 4580 a multiple of 32?
False
Is 314 a multiple of 44?
False
Is 44003 a multiple of 37?
False
Is 22 a factor of 4400?
True
Is 41 a factor of 559?
False
Is 17 a factor of 986?
True
Is 10 a multiple of 2?
True
Is 100 a factor of 12400?
True
Is 5 a factor of 5025?
True
Is 3623 a multiple of 51?
False
Is 1462 a multiple of 30?
False
Is 1820 a multiple of 13?
True
Does 28 divide 1708?
True
Does 29 divide 2849?
False
Is 4004 a multiple of 13?
True
Is 25696 a multiple of 80?
False
Is 25 a factor of 3000?
True
Is 3167 a multiple of 87?
False
Is 1050 a multiple of 19?
False
Does 5 divide 875?
True
Is 8420 a multiple of 20?
True
Does 63 divide 7182?
True
Does 19 divide 95?
True
Does 80 divide 9360?
True
Does 100 divide 12100?
True
Is 303 a multiple of 47?
False
Is 7158 a multiple of 33?
False
Is 206 a factor of 5562?
True
Is 2523 a multiple of 29?
True
Is 10 a factor of 70?
True
Does 53 divide 636?
True
Is 6871 a multiple of 12?
False
Does 98 divide 6402?
False
Does 9 divide 3850?
False
Is 9 a multiple of 9?
True
Does 7 divide 14?
True
Does 23 divide 45514?
False
Does 8 divide 1856?
True
Is 27 a factor of 2279?
False
Is 7448 a multiple of 4?
True
Is 3 a factor of 715?
False
Does 57 divide 6212?
False
Is 21 a factor of 1414?
False
Does 15 divide 819?
False
Is 4 a factor of 15251?
False
Does 9 divide 2620?
False
Is 13 a factor of 3456?
False
Does 130 divide 94120?
True
Is 2552 a multiple of 8?
True
Is 4 a factor of 384?
True
Does 30 divide 12737?
False
Is 42 a factor of 2799?
False
Is 44813 a multiple of 41?
True
Does 5 divide 19885?
True
Is 24 a factor of 162?
False
Is 49 a factor of 441?
True
Does 35 divide 805?
True
Is 29 a factor of 1131?
True
Is 1776 a multiple of 8?
True
Does 17 divide 680?
True
Does 56 divide 79368?
False
Does 15 divide 3000?
True
Is 21 a factor of 4051?
False
Is 225 a multiple of 15?
True
Does 96 divide 16704?
True
Does 59 divide 640?
False
Is 45 a factor of 2430?
True
Does 11 divide 1584?
True
Is 420 a multiple of 35?
True
Does 23 divide 5670?
False
Does 79 divide 1461?
False
Does 19 divide 3007?
False
Is 27 a factor of 135?
True
Does 186 divide 26412?
True
Is 51 a factor of 149?
False
Is 28 a factor of 678?
False
Is 14 a factor of 210?
True
Does 7 divide 1973?
False
Does 35 divide 387?
False
Is 10101 a multiple of 7?
True
Does 166 divide 40836?
True
Is 10 a factor of 6626?
False
Is 7 a factor of 1792?
True
Is 12896 a multiple of 16?
True
Does 45 divide 6120?
True
Is 7 a factor of 5268?
False
Is 5157 a multiple of 27?
True
Does 6 divide 7931?
False
Does 14 divide 1727?
False
Does 7 divide 2163?
True
Is 1449 a multiple of 23?
True
Is 1760 a multiple of 160?
True
Does 16 divide 22?
False
Does 13 divide 26949?
True
Is 11297 a multiple of 51?
False
Does 112 divide 5847?
False
Does 88 divide 178?
False
Is 8 a factor of 248?
True
Does 11 divide 237?
False
Is 23967 a multiple of 85?
False
Does 3 divide 1580?
False
Does 16 divide 877?
False
Is 56 a factor of 8387?
False
Is 2162 a multiple of 7?
False
Is 37 a factor of 6475?
True
Is 63424 a multiple of 11?
False
Is 28 a factor of 1226?
False
Does 9 divide 37917?
True
Does 6 divide 5520?
True
Is 58 a factor of 18618?
True
Is 49 a factor of 458?
False
Does 147 divide 65773?
False
Is 1230 a multiple of 80?
False
Does 9 divide 52056?
True
Does 114 divide 798?
True
Is 3290 a multiple of 94?
True
Is 8 a factor of 11448?
True
Does 4 divide 1577?
False
Is 25258 a multiple of 173?
True
Is 8298 a multiple of 9?
True
Does 4 divide 19536?
True
Is 800 a multiple of 160?
True
Is 259 a multiple of 7?
True
Does 52 divide 4784?
True
Is 11 a factor of 3564?
True
Does 8 divide 9102?
False
Is 8 a factor of 2944?
True
Does 44 divide 67?
False
Is 318 a multiple of 159?
True
Is 52 a factor of 5186?
False
Is 41 a factor of 1637?
False
Is 15 a factor of 19005?
True
Is 178 a multiple of 3?
False
Does 22 divide 516?
False
Does 2 divide 15419?
False
Is 6254 a multiple of 11?
False
Is 5442 a multiple of 6?
True
Is 215 a factor of 81700?
True
Does 35 divide 18977?
False
Is 63 a multiple of 2?
False
Is 63 a factor of 14508?
False
Is 12 a factor of 288?
True
Is 950 a multiple of 5?
True
Is 41907 a multiple of 68?
False
Does 49 divide 147?
True
Does